 + 65*x + 75. What is r(12)?
-9
Let v(c) = 2*c**3 - 5*c**2 + 3*c + 55. What is v(0)?
55
Let v(i) = i**2 + 33*i + 208. Give v(-16).
-64
Let w(a) = 4*a**2 + 44*a - 383. Calculate w(14).
1017
Let p(i) = -2*i**2 - 454*i + 1811. Determine p(4).
-37
Let j(b) = 406*b + 4090. Determine j(-10).
30
Let p(d) = d**3 - 16*d**2 - 20*d + 23. What is p(17)?
-28
Let p(y) = y**3 - 12*y**2 + 34*y - 155. Calculate p(11).
98
Let o(w) = -8*w**2 - 3*w + 40. Determine o(6).
-266
Let a(s) = 2*s**2 + 96*s + 1033. What is a(-30)?
-47
Let n(p) = 9*p - 152. Calculate n(24).
64
Let g(j) = 2*j**3 + j**2 - 5*j - 2. What is g(-3)?
-32
Let n(o) = -144*o - 441. Give n(-3).
-9
Let r(v) = 556*v + 3891. Give r(-7).
-1
Let q(a) = -5*a**2 - 94*a + 8. Determine q(-19).
-11
Let r(v) = -150*v - 3586. Determine r(-24).
14
Let p(k) = 79*k + 558. Give p(-7).
5
Let a(q) = 10*q**2 + 3*q - 23. What is a(3)?
76
Let n(d) = d**3 - 18*d**2 - 101*d + 285. Determine n(22).
-1
Let p(w) = -10*w + 318. Calculate p(37).
-52
Let c(i) = -11*i**2 - 74*i - 3. Calculate c(-7).
-24
Let l(j) = 80*j + 1130. What is l(-14)?
10
Let u(l) = 27*l**2 + 382*l + 55. Give u(-14).
-1
Let d(i) = -135*i**3 + 1487*i**2 - 20*i - 15. What is d(11)?
7
Let d(u) = -u**3 - 27*u**2 + 3*u + 1811. Determine d(-24).
11
Let t(p) = p**2 - 22*p + 127. What is t(8)?
15
Let i(o) = 2*o**2 - 1111*o + 6583. Determine i(6).
-11
Let v(a) = 2*a**3 + 14*a**2 + 14*a + 7. Calculate v(-8).
-233
Let k(c) = -5*c + 19. Give k(11).
-36
Let y(k) = -3*k**3 - 105*k**2 + 5*k + 181. Calculate y(-35).
6
Let u(i) = -2*i**3 + 5*i**2 - i - 11. Give u(3).
-23
Let l(v) = 18*v**3 + 4*v**2 + 22*v + 37. Give l(-2).
-135
Let o(t) = -3*t**2 + 24*t + 42. Give o(18).
-498
Let t(g) = 34*g + 667. Calculate t(-19).
21
Let a(p) = -323*p - 613. What is a(-2)?
33
Let f(p) = p**3 - 36*p**2 - 53*p + 595. Determine f(37).
3
Let m(p) = 9*p - 20. Calculate m(-16).
-164
Let t(h) = -h**3 + h**2 + 26*h + 21. Calculate t(6).
-3
Let a(f) = -f**2 - 218*f - 3393. Give a(-17).
24
Let r(l) = 112*l**2 - 771*l - 29. Calculate r(7).
62
Let l(h) = -h**3 + 18*h**2 + 6*h - 608. What is l(16)?
0
Let q(h) = h**3 - 2*h**2 + 51*h - 2. Calculate q(0).
-2
Let z(m) = -12*m**2 - 9*m - 8. What is z(-3)?
-89
Let w(f) = -2*f**2 + 927*f - 5. Give w(0).
-5
Let g(v) = v**3 - 40*v**2 - 131*v + 100. What is g(43)?
14
Let a(k) = k**3 - 36*k**2 - 120*k + 5418. Calculate a(35).
-7
Let g(c) = 2*c**2 - 26*c + 28. Give g(12).
4
Let l(u) = 4086*u + 3. What is l(0)?
3
Let b(u) = -19*u - 1055. What is b(-55)?
-10
Let y(k) = 70*k + 1853. Calculate y(-27).
-37
Let s(w) = 2*w**2 - 6*w + 2. Give s(4).
10
Let z(q) = 10*q**2 + 1839*q - 179. What is z(-184)?
5
Let c(d) = d**3 - d**2 - 3*d - 2. Calculate c(-2).
-8
Let z(o) = -21*o**2 + 402*o - 61. What is z(19)?
-4
Let g(s) = 130*s + 16051. Determine g(-123).
61
Let d(t) = -11*t**3 - 348*t**2 + 126*t - 45. What is d(-32)?
19
Let g(w) = -w**2 - 16*w - 1. What is g(-14)?
27
Let n(l) = -l**2 - 19*l - 168. What is n(-22)?
-234
Let t(v) = -615*v - 3714. Determine t(-6).
-24
Let j(b) = -b**2 + 4*b - 471. Give j(0).
-471
Let x(k) = k**2 - 93*k - 1027. Determine x(-10).
3
Let n(i) = -9895*i - 7. Give n(0).
-7
Let a(m) = -m**3 + 10*m**2 + 8*m + 20. Determine a(-5).
355
Let j(b) = 49*b + 256. Give j(-5).
11
Let m(i) = -11*i**2 - 40*i + 42. Give m(6).
-594
Let v(r) = -8*r + 105. Calculate v(-1).
113
Let f(h) = 562*h - 564. Calculate f(1).
-2
Let v(s) = 73*s + 3432. What is v(-47)?
1
Let o(d) = 750*d + 8934. Give o(-12).
-66
Let g(l) = 164*l + 28231. Calculate g(-172).
23
Let o(r) = 13*r**2 + 945*r - 312. What is o(-73)?
-20
Let x(p) = -p**3 + 3*p**2 + 41*p - 107. What is x(3)?
16
Let g(a) = -a**3 + 31*a**2 + 77*a - 360. What is g(33)?
3
Let g(v) = 153*v - 40868. Calculate g(267).
-17
Let j(t) = -7*t**2 + 87*t - 8. Calculate j(6).
262
Let a(s) = s**3 - 81*s**2 - 22*s - 11966. Calculate a(83).
-14
Let t(a) = -337*a - 1352. Calculate t(-4).
-4
Let l(s) = s**3 - 14*s**2 - 14*s + 69. What is l(15)?
84
Let y(x) = x**2 + 105*x - 2210. Determine y(18).
4
Let k(p) = -2*p**2 - 4. Calculate k(0).
-4
Let m(n) = -26*n - 155. Determine m(14).
-519
Let o(m) = -m**2 + 1932*m - 7717. Give o(4).
-5
Let d(i) = i**3 - 4*i**2 - 18*i + 43. What is d(5)?
-22
Let l(w) = 48*w - 245. Calculate l(18).
619
Let u(a) = 2*a + 131. Give u(52).
235
Let g(z) = -3*z**3 + 26*z**2 - 11*z - 11. What is g(7)?
157
Let l(u) = 3*u**2 - 48*u - 46. Calculate l(17).
5
Let i(l) = -l**3 + 52*l**2 - 55*l + 195. Give i(51).
-9
Let p(u) = -u**2 + 53*u - 588. What is p(17)?
24
Let q(l) = -260*l + 17153. Give q(66).
-7
Let c(u) = 48*u + 23. What is c(0)?
23
Let n(f) = -78*f - 4133. Calculate n(-53).
1
Let s(j) = j**3 + 38*j**2 - 40*j + 72. Give s(-39).
111
Let x(t) = 23*t - 274. Determine x(9).
-67
Let z(u) = -307*u - 23. What is z(0)?
-23
Let d(k) = -28*k - 463. Calculate d(-22).
153
Let o(q) = 103*q**2 + 6*q + 7. Give o(0).
7
Let p(x) = 2181*x + 19628. What is p(-9)?
-1
Let l(b) = -52*b**3 - b**2 + 41*b - 85. Determine l(2).
-423
Let d(g) = 64*g**3 + 257*g**2 + 4*g + 5. Give d(-4).
5
Let f(i) = i**3 + 51*i**2 - 4*i - 135. Give f(-51).
69
Let q(o) = -o**3 + 9*o**2 + 34*o - 329. What is q(7)?
7
Let t(o) = -o**2 + 11*o + 184. Determine t(20).
4
Let y(r) = 11*r - 1309. Give y(79).
-440
Let z(a) = -53*a + 1709. Determine z(32).
13
Let x(o) = o**2 + 8*o + 8. Determine x(-13).
73
Let m(t) = -16*t + 19. Give m(0).
19
Let c(t) = 21*t**2 - 224*t + 13. Give c(10).
-127
Let t(m) = -38*m - 3859. What is t(-102)?
17
Let h(s) = -68*s - 1021. What is h(-8)?
-477
Let n(d) = -7*d**2 - 22*d + 181. What is n(-7)?
-8
Let b(a) = -3*a**2 - 10*a + 133. Give b(-10).
-67
Let r(u) = -u**3 - 13*u**2 + 23*u - 1. Give r(2).
-15
Let r(a) = -a**2 + 39*a - 713. What is r(21)?
-335
Let r(k) = 3*k**2 + 49*k + 214. Determine r(-7).
18
Let x(h) = 14*h + 245. Give x(-23).
-77
Let s(z) = -2*z + 87. What is s(32)?
23
Let a(h) = h**3 + 35*h**2 + h + 23. Give a(-35).
-12
Let k(h) = h**3 + 51*h**2 + 115*h + 939. Determine k(-49).
106
Let r(g) = g**3 + 3*g**2 - 4. Calculate r(0).
-4
Let m(d) = d**2 + 71*d - 403. Calculate m(6).
59
Let s(z) = z**3 + 132*z**2 + 125*z - 775. Determine s(-131).
11
Let q(s) = 35*s**2 + 84*s + 3. What is q(-3)?
66
Let q(r) = -2*r**2 - 48*r + 68. Calculate q(-25).
18
Let k(o) = -3*o**3 + 12*o**2 + 187*o - 588. What is k(3)?
0
Let m(b) = 2*b**2 + 541*b + 35763. Give m(-115).
-2
Let b(m) = -10*m**2 + 59*m - 306. Calculate b(6).
-312
Let g(p) = -6*p**3 + 133*p**2 - 15*p - 148. Give g(22).
6
Let y(b) = -9*b**2 + 95*b - 155. Calculate y(2).
-1
Let s(f) = -f**3 - 34*f**2 - 86*f + 150. Determine s(-32).
854
Let h(a) = -6*a**3 + 3*a**2 + 9*a - 18. Give h(3).
-126
Let s(b) = -2*b**2 + 2957*b - 8868. Give s(3).
-15
Let y(g) = 6*g**2 + 107*g + 476. What is y(-8)?
4
Let f(y) = 2*y**3 + 34*y**2 + 31*y - 30. Give f(-17).
-557
Let x(o) = 19*o**2 + 27*o - 46. Calculate x(2).
84
Let f(n) = -1053*n - 2106. What is f(-2)?
0
Let n(y) = 544*y + 16860. Give n(-31).
-4
Let n(w) = -38*w**3 - w**2 + w + 3. Give n(2).
-303
Let j(t) = 95*t - 101. Calculate j(1).
-6
Let p(s) = -2*s**3 + 14*s**2 - 8*s - 95. Calculate p(5).
-35
Let p(w) = -2*w**2 - 35*w - 25. Give p(-8).
127
Let h(u) = 15618*u + 62485. What is h(-4)?
13
Let d(b) = 100*b + 532. Give d(-5).
32
Let w(x) = -x**3 + 58*x**2 + x - 62. What is w(58)?
-4
Let u(z) = -6*z**2 + 13*z + 21. Determine u(-4).
-127
Let c(g) = 161*g + 656. Calculate c(-4).
12
Let u(a) = -61*a - 937. What is u(-9)?
-388
Let l(v) = -2*v**2 - 46*v - 419. Give l(-10).
-159
Let m(f) = -f**3 + 41*f**2 - 98*f + 5933. Determine m(42).
53
Let x(q) = q**2 + 49*q + 348. Calculate x(-9).
-12
Let x(f) = -f**3 - 37*f**2 - 33*f + 30. Determine x(-36).
-78
Let g(m) = m**3 - 19*m**2 - 21*m - 267. Determine g(21).
174
Let t(c) = -47*c + 968. Give t(21).
-19
Let v(i) = 2*i**3 + i**2 - 190*i + 6. What is v(-10)?
6
Let j(t) = -15*t**2 - 12*t + 23. Determine j(2).
-61
Let f(b) = b**3 + 3*b**2 + b - 4. Give f(-3).
-7
Let k(i) = -6*i**2 + 230*i - 68. Determine k(38).
8
Let o(s) = 148*s - 3835. Give o(26).
13
Let m(t) = -5*t - 39. Calculate m(14).
-109
Let q(d) = -d**3 - 8*d**2 - 9*d - 25. Determine q(-7).
-11
Let v(p) = p**3 + 19*p**2 + 17*p - 47. Determine v(-17).
242
Let c(w) = 2*w**3 - 452*w**2 - 1374*w + 5. Calculate c(229).
5
Let k(x) = 2*x**2 - 275*x + 1823. Wha